013 + 1101?
-23030030312
In base 2, what is 1011001010001100 - -1001110010?
1011010011111110
In base 10, what is -1120278 - 3?
-1120281
In base 2, what is 100000001110 - 1101011110111?
-1001011101001
In base 8, what is -22737123 + 1?
-22737122
In base 15, what is e5d + 2369?
32c7
In base 8, what is 33 - 37545?
-37512
In base 11, what is 7545061a - 6?
75450614
In base 14, what is 3315 - 15aa?
1b49
In base 4, what is -201101031202 + 11?
-201101031131
In base 6, what is -25412034053 + -4?
-25412034101
In base 14, what is -42a8924 - 3?
-42a8927
In base 10, what is -73153 - -115?
-73038
In base 9, what is 3 + 66536048?
66536052
In base 7, what is 23 + 66523256?
66523312
In base 15, what is -46 - 3a30c?
-3a353
In base 2, what is 1000 + -11011010101011000110?
-11011010101010111110
In base 9, what is 51225 - 283?
50832
In base 4, what is 202203 + -102111213?
-101303010
In base 13, what is -7949a56 - 5?
-7949a5b
In base 14, what is 7 - 387200?
-3871d7
In base 6, what is -3544533 + -213?
-3545150
In base 10, what is 8604 - 163?
8441
In base 7, what is 221052 - -3523?
224605
In base 14, what is 11bc9a96 - -b?
11bc9aa3
In base 16, what is 454d + 3?
4550
In base 4, what is -10333132133101 + 3?
-10333132133032
In base 12, what is -319 + b24?
807
In base 2, what is 101010100000010 - -101101001111?
110000001010001
In base 10, what is -21 + -337052?
-337073
In base 8, what is -3243636 + 70?
-3243546
In base 14, what is 2 + 10b4b0c?
10b4b10
In base 6, what is -453151 - -130023?
-323124
In base 13, what is 6 - -118bb044?
118bb04a
In base 14, what is 2 + 1148850?
1148852
In base 2, what is -11101101110100000101 + -10110?
-11101101110100011011
In base 7, what is -10044 + -14332?
-24406
In base 6, what is -15051353 - 10?
-15051403
In base 8, what is -2 + -125304245?
-125304247
In base 13, what is -75774 - 66?
-7580a
In base 7, what is 2416024 + -1130?
2414564
In base 4, what is -121200301013 - -11?
-121200301002
In base 4, what is 32 - 23213322133?
-23213322101
In base 16, what is 1996fe7 - 3?
1996fe4
In base 12, what is 49116 + 1765?
4a87b
In base 14, what is 19 + 47b57?
47b72
In base 5, what is -2002201 + 20111?
-1432040
In base 3, what is 21221 - 1010201012?
-1010102021
In base 10, what is 112111419 - -5?
112111424
In base 14, what is 44d24d81 - -4?
44d24d85
In base 16, what is 8 + 62ee9?
62ef1
In base 3, what is -122211120212 - 10220?
-122211201202
In base 4, what is -23110310310 - -2320?
-23110301330
In base 9, what is -3588 + -1507?
-5206
In base 8, what is -2120466 - -11?
-2120455
In base 15, what is -3294c8 - -5?
-3294c3
In base 13, what is 98c4451 + -5?
98c4449
In base 9, what is 1316 + 107863?
110280
In base 6, what is 1002044 - 2552?
555052
In base 7, what is 10146312 + 2?
10146314
In base 11, what is 7503 - -2427?
992a
In base 12, what is 1 - -5410b1?
5410b2
In base 16, what is 10 + b5fef?
b5fff
In base 8, what is 17 - -4602740?
4602757
In base 6, what is 4 - 4440350?
-4440342
In base 4, what is 1101122 + -1322013?
-220231
In base 16, what is -5f438d - -2?
-5f438b
In base 6, what is 14 - 204312504?
-204312450
In base 5, what is -2324314 - 13123?
-2342442
In base 11, what is -107036a9 - 1?
-107036aa
In base 15, what is -541e21e + 4?
-541e21a
In base 5, what is -10 - -312413222?
312413212
In base 16, what is -4f + -5f7aeb?
-5f7b3a
In base 8, what is -47671 + -1015?
-50706
In base 9, what is 323 + 1506?
1830
In base 7, what is 4 - -4235154436?
4235154443
In base 13, what is 25 + -3123?
-30cb
In base 6, what is 5354 - 220541?
-211143
In base 12, what is 118 - 19b655?
-19b539
In base 3, what is 10 - -22101012210101221?
22101012210102001
In base 12, what is 42 + -2a5b3?
-2a571
In base 11, what is 4456 - 111112?
-107767
In base 10, what is 115 + -31905?
-31790
In base 2, what is 11111111101100101110100 + 110?
11111111101100101111010
In base 11, what is -70425140 - -a?
-70425131
In base 5, what is -1014 - 4202131?
-4203200
In base 15, what is 6ba3615 - -1?
6ba3616
In base 3, what is 20 + 10212001121122?
10212001121212
In base 9, what is -22175 - 112?
-22287
In base 8, what is 15377314 - 12?
15377302
In base 6, what is -13342 + -15304?
-33050
In base 10, what is 699475 + -56?
699419
In base 6, what is -3021212 - 1100?
-3022312
In base 5, what is 10 + 14002020114?
14002020124
In base 9, what is 680 - -74036?
74726
In base 2, what is -1100 - -1100111?
1011011
In base 3, what is -22212101010120022 + 1?
-22212101010120021
In base 5, what is -10202223 - -11410?
-10140313
In base 11, what is -9 - 368583?
-368591
In base 3, what is -2102021 - -220020122222?
220011020201
In base 5, what is -24223 + 1014434?
440211
In base 15, what is -1caa79 + -a8?
-1cab32
In base 14, what is -2d - -a2b45?
a2b16
In base 7, what is 1224245 + 566?
1225144
In base 15, what is -6 - -dcd746?
dcd740
In base 9, what is 6207700 + -1?
6207688
In base 2, what is -1111010110 - -100001010001100?
11111010110110
In base 9, what is -511542 + -217?
-511760
In base 3, what is 220210 + 200212221?
201210201
In base 9, what is -4705075 - 15?
-4705101
In base 5, what is 101113 - 3210?
42403
In base 9, what is 572 + 155668?
156351
In base 16, what is -36a + 2044a?
200e0
In base 16, what is -15d69b0 - 5?
-15d69b5
In base 13, what is b + 11c060?
11c06b
In base 13, what is 148b41 - -4?
148b45
In base 5, what is -1 + -12241122323?
-12241122324
In base 13, what is ab866 + 5bc?
ac155
In base 13, what is 3160 - 461?
29cc
In base 14, what is -10c03 - 828?
-1162b
In base 4, what is 131 + -1021322200?
-1021322003
In base 3, what is 202001221212221 + 0?
202001221212221
In base 14, what is 781 - 1205c?
-116bb
In base 12, what is -1 + 38bb16?
38bb15
In base 4, what is 3211 + -3013031?
-3003220
In base 2, what is 1100 - 100101111010100?
-100101111001000
In base 13, what is 541 - -342251?
342792
In base 16, what is 2d4e + -1123?
1c2b
In base 9, what is 14345166 + -133?
14345033
In base 2, what is 1100111110111001011 + -11010?
1100111110110110001
In base 8, what is 606530 + -44?
606464
In base 4, what is -1132 - -1312032213?
1312031021
In base 13, what is -5 + 454716c?
4547167
In base 12, what is 6b886 + -174?
6b712
In base 10, what is -5 + -70646839?
-70646844
In base 2, what is -10 + -1000011110101000010100?
-1000011110101000010110
In base 6, what is 2141 - 13211?
-11030
In base 2, what is -100 + 110110100011000100000?
110110100011000011100
In base 9, what is -282832 - 11?
-282843
In base 7, what is -11301055 - -110?
-11300645
In base 6, what is 14012034 - 113?
14011521
In base 3, what is -122201112201 - -112021?
-122201000110
In base 3, what is -200100020121 + 1021?
-200100012100
In base 16, what is -2f843 + -8d?
-2f8d0
In base 16, what is -50421b + 5?
-504216
In base 9, what is 4 + -1372821?
-1372816
In base 11, what is -258974 - -803?
-258171
In base 6, what is -2302502 - -250?
-2302212
In base 8, what is 3225333352 - 3?
3225333347
In base 4, what is -21202 - -212000?
130132
In base 6, what is -33 + -3245544005?
-3245544042
In base 6, what is -3 + -100535123?
-100535130
In base 4, what is -3 + -1012210320011?
-1012210320020
In base 7, what is -131310 - 3?
-131313
In base 8, what is -417 + -43140?
-43557
In base 15, what is 18e1 - -4c0?
1db1
In base 3, what is 100 - -1122002102121211?
1122002102122011
In base 3, what is 12101 + 2122210220?
2200000021
In base 6, what is -1 + 105034425?
105034424
In base 7, what is -1 - 3205103056?
-3205103060
In base 12, what is -1889 + 10168?
a49b
In base 7, what is -1114 - 106030?
-110144
In base 3, what is -1110202011 + -100100?
-1111002111
In base 3, what is 20212 - 110121120102?
-110121022120
In base 9, what is 15 - -33228236?
33228252
In base 8, what is 4 + 665133715?
665133721
In base 15, what is -1 + 8b26d2?
8b26d1
In base 5, what is 3044233431 + 213?
3044234144
In base 5, what is 1402 - -3112432?
3114334
In base 5, what is -103104403 - 30?
-103104433
In base 7, what is 16143 - -1223261?
1242434
In base 12, what is 231090 - 9?
231083
In base 7, what is 144336 - 355?
143651
In base 7, what is 16563 + 160331?
210224
In base 11, what is 1 + -2a20391?
-2a20390
In base 3, what is 10021 - 201202002000?
-201201221202
In base 3, what is 210010012112112 + -101?
210010012112011
In base 6, what is 52325041405 - 2?
52325041403
In base 8, what is 2 + 1606713?
1606715
In base 14, what is 